 = -j + 2. Suppose -t - o*i + 54 = 0, -8*t - 4*i + 98 = -6*t. Calculate the remainder when 77 is divided by t.
38
Let f = 154 - 122. Let c = f + 145. Calculate the remainder when c is divided by 36.
33
Let j(d) = 6*d**2 + 306*d + 305. What is the remainder when 1885 is divided by j(-53)?
3
Suppose 0 = 2*c - 31*p - 85, -89 - 28 = -2*c - p. Calculate the remainder when 111 is divided by c.
53
Suppose -5*i + 359 = -0*i - 4*h, 343 = 5*i - 8*h. What is the remainder when 297 is divided by i?
72
Let h = -2275 - -2338. What is the remainder when 108 is divided by h?
45
Let z(a) = -16*a - 249. Let y be z(-20). Suppose 2*i - 13 - y = 0. What is the remainder when i is divided by 11?
9
What is the remainder when ((-5454)/(-42))/(15/35) is divided by 19?
18
Let r = -2729 + 2878. What is the remainder when r is divided by 9?
5
Let i(b) = -b + 13. Let m be i(10). Suppose 0 = m*k - 189 - 54. Let t(y) = y**3 + 19*y**2 - 41*y + 49. Calculate the remainder when k is divided by t(-21).
25
Suppose -180*k + 175*k = -1760. Suppose k = 38*r - 16*r. Let z = -18 - -63. What is the remainder when z is divided by r?
13
What is the remainder when 1/(-1) + 16*4 is divided by (-61*(-376)/5734)/((-25)/(-21) + -1)?
0
Suppose 82*p - 60*p - 2794 = 0. Let s = -20 - -46. Calculate the remainder when p is divided by s.
23
Let z = -14499 - -14506. What is the remainder when 284 is divided by z?
4
Suppose 5*a - 17*a = -60. Suppose s + 2*k - 85 = 0, -4*s + 12*k + 275 = 7*k. Calculate the remainder when s is divided by a.
0
Let v(x) = 49*x**2 - 13*x + 4. Calculate the remainder when 498 is divided by v(2).
150
Let d(o) = -7*o - 135. Let x be d(-17). Let b(s) = -3*s - 6. What is the remainder when 24 - (13/((-26)/x) + -1) is divided by b(-6)?
5
Let i = 1830 - 1790. Let o be (-14)/8*4/1. Let r = i + o. Calculate the remainder when 129 is divided by r.
30
Let u(v) = v**3 + 10*v**2 - 14*v - 18. Let y = -1 - -9. Suppose -y*b = 2*b + 110. Calculate the remainder when 26 is divided by u(b).
11
Suppose -82*l - 105 = -97*l. Let m(h) = -h**2 - 6*h + 14. Let w be m(-9). What is the remainder when (3 - 2)*w*-1 is divided by l?
6
Suppose -89*p - 6773 = -22348. What is the remainder when 3147 is divided by p?
172
Calculate the remainder when 4/8*(-792)/(-2) is divided by (-6)/(3/5 + 8 + (-9633)/1105).
45
Let s = 942 + -924. What is the remainder when 1061 is divided by s?
17
Let g be 1*1/4 + (-120)/(-32). Suppose -v - 27 = -2*x, -g*x - 2*v = 2*v - 36. Suppose -8 = u - x. Calculate the remainder when 11 is divided by u.
3
Let t be (280/42)/((-2)/3). What is the remainder when ((-190)/(-125)*5)/((-4)/t) is divided by 13?
6
What is the remainder when (-2250)/(-12) + (-15)/(-30) is divided by 108?
80
Suppose -3*p - 98 = 3*h + 10, -8 = 4*h. Let w = 36 + p. Suppose -83 = -5*m - x - 17, x = -w*m + 27. What is the remainder when 35 is divided by m?
9
Suppose 2 = 2*r, -x - 8*r + 10*r + 10 = 0. Calculate the remainder when (-1)/(-2) - 891/(-22) is divided by x.
5
Let h be (-2020)/15 + (-2)/(-3). Let m = 137 + h. What is the remainder when 9 is divided by m?
0
Let u be (65 + 10 + -6)*7/3. Let g = u + -141. Let b(f) = -f**3 + 15*f**2 + 19*f - 35. Calculate the remainder when g is divided by b(16).
7
Calculate the remainder when 247 is divided by 25724/354 + (-4)/6.
31
Suppose 249999 = 627*b - 272919. What is the remainder when b is divided by 87?
51
Suppose -23*k + 223 + 168 = 0. Suppose k*a - 21*a = -716. What is the remainder when a is divided by 12?
11
Let y(x) = 687*x - 8813. Calculate the remainder when y(15) is divided by 188.
176
Let v(p) be the third derivative of 0*p - 15*p**2 + 1/12*p**4 - p**3 + 1/20*p**5 + 0. What is the remainder when v(3) is divided by 15?
12
What is the remainder when 405 is divided by (-34945)/(-290) + (-16 - 0) + (-6)/(-4)?
87
Let k be (-18)/(-5)*(-25)/(-15). Suppose -25*t + 47*t = 572. Suppose t = k*u - 400. Calculate the remainder when u is divided by 32.
7
Let z = 11463 + -11317. Calculate the remainder when 457 is divided by z.
19
Suppose o + 3*z + 22 = 86, o = 3*z + 94. What is the remainder when -1*9460/(-8) - 15/(-10) is divided by o?
78
Let k(i) = i**2 + 19*i - 343. Calculate the remainder when k(-80) is divided by 81.
1
Suppose -419 = -r + 41*s - 43*s, -s - 2051 = -5*r. Calculate the remainder when r is divided by 20.
11
Suppose i = 5*o - 260, 83*i = 5*o + 80*i - 250. What is the remainder when 56 is divided by o?
3
Let w(l) = -l**2 + 85*l - 477. What is the remainder when w(36) is divided by 4?
3
Suppose 2*j - 6*j = -3*n + 37, 0 = 5*n + 5*j - 85. What is the remainder when 472 is divided by n?
7
Suppose -4*f = -2*s - 146, 5*f - 4*s - 141 - 40 = 0. What is the remainder when 1622 is divided by f?
31
Suppose 0*c = -4*c + 1000. Suppose -1095 = 40*j - 2815. What is the remainder when c is divided by j?
35
Suppose 82*t - 10933 = -335*t + 40*t. What is the remainder when 187 is divided by t?
13
Suppose -p = -216 - 334. Suppose -1490 = -12*u + p. What is the remainder when u is divided by 43?
41
Suppose 0 = 4*o - 24*o + 2540. Calculate the remainder when 643 is divided by o.
8
Calculate the remainder when 227 is divided by (-4 + 63/36)/((-8)/96).
11
Let v(k) = 10*k + 23. Let o be v(-4). Let d = o + 57. Calculate the remainder when 118 is divided by d.
38
Suppose 9*d + 42 - 411 = 0. Suppose 200 = 2*f - 3*m, 0 = -2*f - 0*m - 5*m + 184. Let q = f - d. Calculate the remainder when 277 is divided by q.
53
Suppose -4*q + 4*o = -80 - 140, -o + 153 = 3*q. What is the remainder when 98 is divided by q?
46
Suppose 2008 + 2591 = 9*z. Calculate the remainder when z is divided by 9.
7
Let d(o) = -5*o**3 + 2*o**2 - 3*o. Let p be d(-3). Suppose 0 = -4*u + 2*u + 5*b + 75, 4*b + p = 5*u. What is the remainder when 478 is divided by u?
28
Let d = -174 + 168. Calculate the remainder when (21/(-14))/(d/380) is divided by 16.
15
Let i be (-6*(-2)/9)/(60/90). Suppose -5*m - i*p + 1181 + 1139 = 0, -1392 = -3*m + 3*p. What is the remainder when m is divided by 15?
14
Let q = 95 - -16. What is the remainder when 533 is divided by q?
89
Let w = -626 - -1942. Calculate the remainder when w is divided by 131.
6
Let h(x) = 5*x**3 + 14*x**2 + 57*x - 589. Calculate the remainder when h(10) is divided by 71.
62
Let x(t) = -255*t + 613. Calculate the remainder when 6797 is divided by x(2).
102
Let i(o) = -152*o - 79. Let g be i(-3). Suppose g = 35*x - 393. What is the remainder when 65 is divided by x?
21
Suppose 0 = -3*p - 3*g + 6, 0*g - 4*g = 8. Suppose 4*t - 6*t = -158. Calculate the remainder when t is divided by 7 + (3 - (9 - 3)) + p.
7
Let p(o) = -32*o - 123. Let z(k) = 2*k**2 - 11*k - 1. Let f(l) = l**2. Let g(x) = 3*f(x) - z(x). Calculate the remainder when g(-13) is divided by p(-4).
2
Suppose k - 240 = -m - 13, 5*m - 2*k - 1107 = 0. Let l = m - 188. What is the remainder when 50 is divided by l?
15
Let c be (2 - 16/6)*-9. Let g(j) = 35*j + 703. Let s be g(-21). Calculate the remainder when 45 is divided by s/(-20)*(c/2 - -7).
13
Let d = -4900 + 4936. Calculate the remainder when 1305 is divided by d.
9
Suppose -3*o + 9 + 12 = 0. Suppose 0 = -2*z - 4, -2*t + 3*t - 3*z - 10 = 0. Let k = o + t. Calculate the remainder when 21 is divided by k.
10
Let f = 2525 - 2481. Calculate the remainder when 174 is divided by f.
42
Suppose -988 = 13*r - 299. Let a = 79 + r. Calculate the remainder when 178 is divided by a.
22
Let h(i) = -379*i - 2471. Calculate the remainder when h(-9) is divided by 73.
64
Suppose 16*j - 11*j = 1175. What is the remainder when j is divided by 79?
77
Suppose -3*a + 4*n = 22 - 202, -59 = -a + n. Calculate the remainder when 1172 is divided by a.
52
Let k(g) = -12*g + 3. Let x(u) = -u. Let f(i) = 3*k(i) - 24*x(i). Calculate the remainder when 32 is divided by f(0).
5
Let j(t) = 59*t**2 - 24*t - 20. Calculate the remainder when 689 is divided by j(-1).
59
Let c = 348 - 207. Let r be 437*1/(-7) + 244/(-427). Let f = c - r. Calculate the remainder when f is divided by 41.
40
Suppose -57*c + 1377 = -6*c. What is the remainder when 4697 is divided by c?
26
Suppose -15*r + 22*r = 644. Let c = 103 - r. Let v(g) = 2*g**2 - 10*g + 20. Calculate the remainder when v(c) is divided by 17.
16
What is the remainder when ((-1432)/(-10))/(2018/95855) is divided by 28?
26
Suppose -193*k = -19